579886 a prime number?
False
Is 2473253 a composite number?
True
Is 7794859 composite?
False
Is 16606429 composite?
True
Is 50073971 a prime number?
True
Is 8241847 composite?
False
Is 1066847 composite?
False
Is 923943763 a composite number?
True
Is 4172606 composite?
True
Is 9244861 a composite number?
True
Is 37969397 prime?
True
Is 132460093 a composite number?
False
Is 1987244561 a composite number?
True
Is 29771117 a prime number?
True
Is 173477 a composite number?
True
Is 559545419 a composite number?
False
Is 49215269 a composite number?
False
Is 36054049 a composite number?
False
Is 16554823 composite?
False
Is 78035053 prime?
True
Is 631981417 a prime number?
True
Is 173449 a composite number?
True
Is 8896651 a composite number?
False
Is 100737185 a composite number?
True
Is 65348389 prime?
True
Is 340941 a composite number?
True
Is 16713321 composite?
True
Is 2429894 a prime number?
False
Is 2370815 a prime number?
False
Is 1622839 a composite number?
False
Is 136638959 prime?
False
Is 114053497 a composite number?
True
Is 305353673 prime?
False
Is 3391117 prime?
True
Is 530027 a prime number?
True
Is 58653121 prime?
True
Is 405395449 composite?
False
Is 134671 a prime number?
False
Is 592789919 prime?
False
Is 3927409 a prime number?
True
Is 153608629 a composite number?
False
Is 468794195 a prime number?
False
Is 3611193 a composite number?
True
Is 65695997 a composite number?
False
Is 116322639 composite?
True
Is 56581067 a prime number?
True
Is 3101489 prime?
False
Is 4154333 a prime number?
True
Is 2842793 prime?
False
Is 77278969 prime?
True
Is 48714151 prime?
True
Is 2427493 a composite number?
False
Is 3315031 a prime number?
True
Is 5855977 prime?
True
Is 14844101 prime?
True
Is 948422 composite?
True
Is 4382029 a composite number?
True
Is 780173 a prime number?
True
Is 370583 prime?
False
Is 10476553 a composite number?
False
Is 65791 prime?
False
Is 4359997 a prime number?
False
Is 83947379 prime?
True
Is 12099341 a prime number?
True
Is 124572169 prime?
True
Is 2195149 composite?
True
Is 4663427 a prime number?
True
Is 13139297 prime?
True
Is 599786591 prime?
True
Is 326011 a prime number?
False
Is 2576307 prime?
False
Is 934796801 prime?
False
Is 223491959 prime?
False
Is 865201 a prime number?
True
Is 244551391 a prime number?
False
Is 67879151 prime?
True
Is 54139961 composite?
True
Is 10237357 composite?
True
Is 45906023 prime?
True
Is 109775441 a composite number?
False
Is 9023815 a composite number?
True
Is 276612757 a prime number?
True
Is 555029 composite?
False
Is 1013959 a prime number?
False
Is 64984289 composite?
False
Is 24093959 a composite number?
True
Is 1799942 a prime number?
False
Is 84383251 a composite number?
True
Is 354131729 prime?
False
Is 9132251 composite?
False
Is 120509629 a prime number?
False
Is 18101393 prime?
True
Is 398931461 composite?
True
Is 1279657 composite?
False
Is 3290897 prime?
False
Is 17550643 prime?
False
Is 6765067 a prime number?
True
Is 265726633 composite?
False
Is 5429657 a composite number?
False
Is 491288669 a composite number?
False
Is 508531603 a composite number?
False
Is 800194559 prime?
True
Is 4956029 prime?
False
Is 26273477 composite?
False
Is 27615083 a prime number?
False
Is 220406687 a composite number?
False
Is 3259547 a prime number?
True
Is 51743117 a composite number?
False
Is 15939551 a prime number?
True
Is 155345441 composite?
True
Is 7679699 prime?
False
Is 62188781 a prime number?
True
Is 18781289 composite?
False
Is 6249193 a composite number?
False
Is 221594257 prime?
True
Is 41738989 a prime number?
False
Is 3545819 a prime number?
True
Is 8657789 a prime number?
False
Is 5524147 a prime number?
True
Is 335417 composite?
False
Is 16306841 a composite number?
False
Is 13129793 composite?
False
Is 2011019 composite?
False
Is 75611 a composite number?
False
Is 2423063 prime?
False
Is 44405657 a prime number?
False
Is 6008861 composite?
True
Is 309184673 prime?
False
Is 168372943 a prime number?
False
Is 8459006 a composite number?
True
Is 75750431 a prime number?
False
Is 60012461 a composite number?
False
Is 85297207 a composite number?
True
Is 7965719 a prime number?
True
Is 6836749 a composite number?
True
Is 19434281 composite?
True
Is 2740169 composite?
False
Is 9718873 prime?
False
Is 1233886 a prime number?
False
Is 119996579 a composite number?
False
Is 47293843 a composite number?
False
Is 486791 a prime number?
False
Is 237535757 a composite number?
False
Is 13965053 a composite number?
False
Is 73817101 composite?
True
Is 219221 composite?
True
Is 371027 a prime number?
True
Is 2323651 a prime number?
False
Is 2035757 composite?
False
Is 359581 composite?
False
Is 5213381 a prime number?
False
Is 118985947 composite?
False
Is 8141299 a composite number?
True
Is 32203363 a composite number?
False
Is 128446987 a composite number?
True
Is 1991573 a prime number?
True
Is 11269277 a prime number?
False
Is 48538031 prime?
True
Is 96617119 composite?
False
Is 170105435 a composite number?
True
Is 17540773 a composite number?
False
Is 7930023 a prime number?
False
Is 12863909 a prime number?
False
Is 62269421 a composite number?
True
Is 2585787 a composite number?
True
Is 43590181 prime?
False
Is 645417065 a composite number?
True
Is 4356899 a prime number?
True
Is 178927843 composite?
False
Is 19537849 composite?
False
Is 1786613 composite?
False
Is 6659713 a composite number?
False
Is 1904041 a composite number?
False
Is 59331367 a composite number?
False
Is 103319 prime?
True
Is 12465671 a prime number?
True
Is 270559 a prime number?
False
Is 658341205 composite?
True
Is 42036413 a composite number?
True
Is 442517 a prime number?
True
Is 27281027 composite?
False
Is 575971919 prime?
True
Is 389158303 composite?
True
Is 127457 a composite number?
True
Is 371944681 prime?
False
Is 1932797 composite?
False
Is 198360469 composite?
False
Is 501443131 a composite number?
True
Is 644681 composite?
True
Is 23599111 prime?
False
Is 623936759 a prime number?
True
Is 494477 prime?
False
Is 164341 a prime number?
True
Is 4040501 a prime number?
True
Is 5979173 composite?
False
Is 119192707 prime?
False
Is 40717079 a composite number?
True
Is 107480539 prime?
True
Is 170102227 a composite number?
True
Is 238863 prime?
False
Is 16562449 composite?
False
Is 3451301 prime?
False
Is 2179867 prime?
True
Is 20810783 composite?
True
Is 149510071 a prime number?
False
Is 801557 composite?
False
Is 20011621 prime?
False
Is 1519289 a prime number?
False
Is 272717 a prime number?
True
Is 5236109 prime?
True
Is 1464563 composite?
False
Is 9259343 prime?
False
Is 9486307 a prime number?
True
Is 545667 a composite number?
True
Is 7528783 a composite number?
False
Is 17457689 composite?
True
Is 194743 a prime number?
False
Is 30262009 a prime number?
True
Is 2263241 prime?
False
Is 937997 composite?
True
Is 20823239 composite?
False
Is 15078937 a composite number?
False
Is 2314633 a composite number?
False
Is 159841009 a composite number?
False
Is 1685399 prime?
True
Is 1003005937 a prime number?
True
Is 343527473 prime?
False
Is 28218563 a prime number?
False
Is 5505527 a composite number?
False
Is 8878387 a composite number?
True
Is 116012311 a prime number?
True
Is 128736281 prime?
False
Is 396313 composite?
True
Is 2110561 composite?
True
Is 52697122 a composite number?
True
Is 12140627 a prime number?
True
Is 45556117 a composite number?
False
Is 162126947 composite?
True
Is 98082847 a composite number?
False
Is 74623 prime?
True
Is 15173849 prime?
False
Is 58009459 a composite number?
True
Is 14002537 a composite number?
True
Is 76612003 a composite number?
True
Is 7740157 prime?
True
Is 1935881 a composite number?
False
Is 201161 prime?
False
Is 51116797 prime?
True
Is 37212163 composite?
False
Is 41538751 a composite number?
True
Is 772601 prime?
False
Is 2608159 a prime number?
True
Is 43848951 prime?
False
Is 8696371 prime?
True
Is 1673591 prime?
True
Is 53889679 prime?
True
Is 54335683 a prime number?
False
Is 77455187 prime?
False
Is 607772381 prime?
True
Is 107483267 a composite number?
False
Is 20838655 prime?
False
Is 188186011 a composite number?
True
Is 52247047 a prime number?
False
Is 7659149 composite?
False
Is 20007901 a composite number?
True
I